hat is the remainder when y is divided by 22?
21
Suppose 6*k + 12 = 2*k. What is the remainder when ((-2)/4)/((-2)/92) is divided by 0 - 9/k - -10?
10
Let p(n) = 125*n**2 + 2*n + 1. Calculate the remainder when p(-1) is divided by (48/30)/(1*3/60).
28
Let l(q) = -2 - 4*q + 0*q - 3. Let m be l(-4). Let a = m - -12. Calculate the remainder when 68 is divided by a.
22
Suppose c + 0*c + r + 18 = 0, 3*r - 82 = 5*c. Calculate the remainder when 97 is divided by 17*1 + 51/c.
13
Suppose 175 = 5*l - t, 0 = t + 3*t - 20. Let m = -8 - -13. Suppose 48 = m*h - 17. What is the remainder when l is divided by h?
10
Let u(x) = -x**2 + 7*x + 10. Let l(p) = 4*p - 34. Let s be l(10). Suppose -3*m + 0*m = -186. What is the remainder when m is divided by u(s)?
14
Calculate the remainder when (-14)/77 - (-7 + 32964/(-44)) is divided by 38.
34
Let l = 6 + 2. Let y = 24 + -20. Suppose 4*b + y*s - 194 = 2*s, s = 2*b - 91. What is the remainder when b is divided by l?
7
Let z(x) = -x**2 - 3*x + 334. What is the remainder when z(0) is divided by 13?
9
Suppose -3*o + 6*o - 84 = y, 0 = -3*o + 5*y + 84. What is the remainder when 185 is divided by o?
17
Suppose -95*g = -92*g - 396. Let b = g - 112. Calculate the remainder when 33 is divided by b.
13
Let u be (8/(-12))/(2/54). Let q = u - -18. Suppose -12 = 2*i + 5*l - q, 4*i + 4 = -5*l. Calculate the remainder when i is divided by 1.
0
Let o = -9 - -12. Suppose -85 = -o*s + 110. Let m(b) = -b**3 + 2*b - 4. What is the remainder when s is divided by m(-3)?
14
Let a be 3/(((-135)/140)/(-9)). Let b = -11 + a. What is the remainder when 31 is divided by b?
14
Let a(x) = -x**3 - 13*x**2 + 10*x - 34. Suppose -164 = -2*v - 0*v. What is the remainder when v is divided by a(-14)?
16
Suppose -2*v - c = -v - 59, -98 = -2*v + 3*c. Let b = -1683 - -1703. Calculate the remainder when v is divided by b.
15
Suppose 17 + 13 = 2*c. What is the remainder when 310 is divided by c?
10
Let j(a) = 3*a**2 - 6*a. Let g be j(3). Suppose g = 5*f + 4. Let u(b) = 4*b**3. What is the remainder when 11 is divided by u(f)?
3
Let g = -94 - -94. Suppose g = 5*s - 2*v - 3*v - 100, -10 = -5*v. What is the remainder when 82 is divided by s?
16
Suppose -2913 = -32*u - 1185. What is the remainder when 376 is divided by u?
52
Let x = 28 + -23. Suppose -2*j = -x*j + 102. Calculate the remainder when j is divided by 20.
14
Let z be (63/12)/((-4)/(-80)). Suppose -4*k - k + 5*i = -z, 3 = -i. Calculate the remainder when (-11)/(-9)*3*9 is divided by k.
15
Suppose -v + 16 = -76. What is the remainder when v is divided by 28?
8
Suppose 2*r = r + 133. Suppose 0 = -6*y + 28 + 176. What is the remainder when r is divided by y?
31
Let o = -246 + 473. What is the remainder when o is divided by 47?
39
Suppose 0 = -17*o + 27*o - 40. Calculate the remainder when 51 is divided by o.
3
Let f(q) = -q**3 - 8*q**2 + 4*q + 4. Let m = -50 + 41. What is the remainder when 192 is divided by f(m)?
45
Let z(o) = 2*o**2 - 77*o - 51. Calculate the remainder when z(40) is divided by 13.
4
Let p(u) = u**2 + 3*u + 2. Let c be p(-4). Suppose 0 = -j - 2*q + 31, 4*j - 79 - 39 = -5*q. What is the remainder when c/10 - 2635/(-25) is divided by j?
25
Suppose 6952 = 147*f - 3261 + 2422. What is the remainder when ((-1055)/5)/(0 - 1) is divided by f?
52
Let w = -3 - -10. What is the remainder when ((13/w - 1)*35)/1 is divided by 13?
4
Let d(q) = q**3 + q**2 - 12*q - 18. What is the remainder when d(6) is divided by 33?
30
Let f = 112 - 66. Calculate the remainder when 412 is divided by f.
44
Let s = -153 + 486. Calculate the remainder when s is divided by 84.
81
Let t(y) be the first derivative of 2 + 5/3*y**3 - 4*y**2 + 1/4*y**4 - y. What is the remainder when 30 is divided by t(-6)?
8
Let g(h) = 2*h + 5. Calculate the remainder when 40 is divided by g(1).
5
Suppose 14*f = 19*f - 2*k - 288, -2*f - 4*k = -120. What is the remainder when 228 is divided by f?
54
Let a be (-38)/(-2) - (4 - 5). Let z be (6/(-1))/((-30)/a). Suppose 2*v - 358 = -2*v + 2*c, 364 = z*v + 4*c. Calculate the remainder when v is divided by 31.
28
Let q = 10 + -8. Suppose -4*d + 1 = 2*z - 1, 0 = -z - d + 2. What is the remainder when 3/(q + (-4)/4) is divided by z?
0
Let f(x) = 2*x**3 - 8*x**2 + 16*x + 42. Calculate the remainder when f(8) is divided by 76.
74
Let y = -256 - -182. What is the remainder when (0 - -3)*y/(-2) is divided by 19?
16
Suppose 2*t - 6 = 6. Calculate the remainder when t is divided by 3.
0
Let r = 72 + -68. Calculate the remainder when r is divided by 4/16 - (-7)/4.
0
Suppose 0 = -j + 303 - 269. What is the remainder when j is divided by 14?
6
Let d(f) = -f**3 - 6*f**2 - 4*f. Let w be d(-6). Suppose 84 = 4*u + 4*l, -3*u + 38 + w = 2*l. Calculate the remainder when 39 is divided by u.
19
Suppose -4*p - 3*l = -0*p - 11745, -5875 = -2*p + l. Calculate the remainder when p is divided by 60.
57
Suppose -2*l = -l + d - 129, -5*d = -4*l + 516. Suppose -11*r + 15 + 348 = 0. Calculate the remainder when l is divided by r.
30
Let o = 153 - 69. Let a = -9 + 12. Suppose -a*f + o = f. What is the remainder when f is divided by 8?
5
Suppose -2*w + 5*i = -104, 2*w + 18*i - 13*i - 64 = 0. Calculate the remainder when 77 is divided by w.
35
Suppose -3*x - 3*b = -54, -80 = -6*x + 2*x - 2*b. Let l = -19 + x. Let z(u) = 2*u + 2. What is the remainder when z(4) is divided by l?
1
Suppose k + k - 6 = 0. Suppose -k*h - h = 0. Suppose h = 6*z - 5*z - 61. Calculate the remainder when z is divided by 16.
13
Suppose -33*s - 33*s + 2994 = -636. Calculate the remainder when s is divided by 2/3 + (-120)/(-9).
13
Suppose -3*v - 12 = -5*q - 8, v + 4*q = -24. Suppose 9 = -5*z - 16. Let a = z - v. Calculate the remainder when 4 is divided by a.
1
Suppose 0 = -7*h - 34 + 167. Let i = -26 - -79. Calculate the remainder when i is divided by h.
15
Suppose -3*a + 61 - 1 = 3*r, 3*r + 2*a = 62. Suppose -2*t = -r - 38. Calculate the remainder when 117 is divided by t.
27
Suppose 4*q + 4 = -2*b + 66, -3*q + 51 = 3*b. What is the remainder when 93 is divided by q?
9
Calculate the remainder when (-1)/3 - (-56)/(-96)*-220 is divided by (-8)/6*(-66)/4.
18
Let x(d) = 2*d**2 + 31*d - 26. What is the remainder when 145 is divided by x(-17)?
20
Suppose 5*f - 3*i = 1834, 74*f - 72*f - 724 = -2*i. Calculate the remainder when f is divided by 74.
69
Let a(r) = r**3 + 34*r**2 - 34*r + 65. What is the remainder when 11694/66 + 2/(-11) is divided by a(-35)?
27
Let q = -99 + 118. Calculate the remainder when -54*(-2 + 4)/(-2) is divided by q.
16
Suppose -8*u + 6*u = 2. Suppose -5*a - 101 = -266. What is the remainder when a is divided by 5/(-10)*-26 + u?
9
Suppose 3*b - b - 94 = 0. Let t = -33 + b. What is the remainder when 52 is divided by t?
10
Let y = -106 - -116. Calculate the remainder when 225 is divided by y.
5
Suppose -2*l + 360 = -10*l. Calculate the remainder when (l/(-6))/((-1)/(-2)) is divided by 6.
3
Let y be 0 + 0*1/3. Suppose 3*z - 7*z - 20 = y, 0 = 2*x + 3*z - 47. Calculate the remainder when x is divided by 8.
7
Suppose w + 50 = -10. Let p = -33 - w. What is the remainder when 75 is divided by p?
21
Let w(k) = -k**2 + 9*k + 3. Let c(n) = -5*n**3 - 4*n**2 + 2*n. Let o be c(1). Calculate the remainder when w(5) is divided by (-14)/(-2)*((-34)/o - 4).
5
Suppose 3*v - 3*c - 24 = 0, 16 = 2*v + 4*c - 2*c. Let u = 306 + -291. Calculate the remainder when u is divided by v.
7
Suppose 0 = 5*d + 10, -4*y - 5*d + 0 - 18 = 0. Let l be y - (2/1 - 14). What is the remainder when l/45 + (-115)/(-9) is divided by 8?
5
Suppose -24*a = -5540 + 1892. Calculate the remainder when a is divided by 57.
38
Let c = -151 + 194. What is the remainder when 128 is divided by c?
42
Let r = 32 + 12. Suppose 5*g - 3*g - 4*q = r, -q = 5. Calculate the remainder when ((-63)/g - -3)*-12 is divided by 15.
12
Let z = 41 - -21. Calculate the remainder when 72 is divided by (z/(-4) - -3)*-2.
22
Suppose 22*c - 35*c + 182 = 0. What is the remainder when 107 is divided by c?
9
Suppose -4*a - 448 + 1876 = 0. Suppose 2*r - 318 = -5*j, -5*r + 4*j + a = -438. What is the remainder when r is divided by 40?
39
Let x(w) = -w**3 + 23*w**2 - 116*w + 23. Calculate the remainder when x(15) is divided by 14.
13
Let g = 124 - 67. Let k = 19050 + -19027. Calculate the remainder when g is divided 